
-16a8b1
-82d99e (base 16) to base 12
-2a5673a
92930 (base 10) to base 2
10110101100000010
Convert -5102504 (base 9) to base 8.
-12274651
Convert 35730342 (base 8) to base 11.
44783aa
Convert -78a908 (base 12) to base 16.
-1d6498
-7da2 (base 16) to base 6
-404522
What is 7d671b (base 16) in base 5?
4100442040
What is -1112330312 (base 4) in base 5?
-42344100
-ec9e8 (base 16) to base 12
-3a8a60
2406545 (base 7) to base 11
199058
Convert -40b13 (base 14) to base 5.
-14441322
What is -1223103401 (base 5) in base 4?
-23032002231
What is 2628551 (base 9) in base 16?
15eba5
Convert 1250557 (base 8) to base 9.
581072
11111000000101001 (base 2) to base 11
87480
What is 1111110111100000 (base 2) in base 6?
1220520
What is 734651 (base 9) in base 12?
19070a
Convert 49030 (base 12) to base 7.
560160
What is 53346665 (base 7) in base 9?
8468202
What is -23100021 (base 5) in base 4?
-302112311
-110010111101110000110 (base 2) to base 7
-20123604
-cab82 (base 14) to base 8
-1676316
Convert -30eea (base 16) to base 6.
-4143522
140300 (base 5) to base 9
7733
What is -10110101111101110101 (base 2) in base 10?
-745333
-942b35 (base 12) to base 11
-134a771
Convert -53236 (base 8) to base 14.
-811c
Convert -37c8 (base 13) to base 7.
-32100
4a479 (base 14) to base 3
100020122120
Convert -6212266 (base 9) to base 5.
-1322034420
What is 23550354 (base 6) in base 3?
1101212102021
33000032300 (base 4) to base 9
7354175
-2d4196 (base 15) to base 13
-5b91c7
Convert 104133441 (base 6) to base 11.
1073569
Convert 21131313110 (base 4) to base 15.
340465
-5711c0 (base 13) to base 8
-7665242
What is -dbc14 (base 16) in base 6?
-31143112
Convert -735b (base 12) to base 13.
-5972
Convert -112022122021 (base 3) to base 11.
-182847
Convert -2c17 (base 14) to base 8.
-17265
Convert 225996 (base 12) to base 6.
15434310
Convert -100111100100111011010 (base 2) to base 14.
-25a88a
Convert -10030114111 (base 5) to base 9.
-20737257
Convert 286302 (base 13) to base 15.
146bb0
Convert 27d661 (base 16) to base 2.
1001111101011001100001
What is 111545251 (base 6) in base 3?
10212020001211
Convert 399ab (base 14) to base 7.
1130404
What is 10010001110000100 (base 2) in base 11?
51084
What is -111011100110011001 (base 2) in base 15?
-4c4eb
-875d (base 15) to base 7
-146365
4332134 (base 8) to base 7
12601516
What is 9126aa (base 13) in base 16?
338282
3140224233 (base 5) to base 4
121010021020
-284439 (base 10) to base 6
-10032503
6525440 (base 8) to base 6
101243224
-35624 (base 16) to base 4
-311120210
What is 3616011 (base 8) in base 4?
3301300021
101101110000101 (base 2) to base 6
300245
Convert 34fb8 (base 16) to base 10.
217016
What is 516010 (base 11) in base 14?
1779d3
-33b54b (base 12) to base 15
-11572b
c7468 (base 16) to base 5
202104412
Convert -2130301222 (base 4) to base 14.
-12a042
8477657 (base 9) to base 5
2130224132
Convert -2221112010 (base 3) to base 7.
-331005
What is 2173763 (base 10) in base 12?
889b6b
What is -41624 (base 10) in base 8?
-121230
-538548 (base 11) to base 10
-860483
Convert 26532c (base 13) to base 4.
3201330222
Convert -2dc54 (base 15) to base 7.
-1154131
What is -4deab (base 15) in base 11?
-160658
-171787c (base 13) to base 6
-424045051
Convert 12020 (base 3) to base 6.
353
Convert -220211220112211 (base 3) to base 10.
-13205506
What is -25130410 (base 7) in base 16?
-227a58
Convert -2571543 (base 8) to base 3.
-1100110110021
Convert -257685 (base 9) to base 13.
-5635a
Convert -9be36 (base 15) to base 9.
-835276
What is -30454222 (base 7) in base 5?
-1123120343
Convert -11223322132 (base 4) to base 5.
-340144330
-4331404 (base 6) to base 2
-110100010010111100
What is -1565944 (base 10) in base 5?
-400102234
Convert -13315334 (base 6) to base 10.
-445738
Convert 6041016 (base 8) to base 3.
2222202202112
191504 (base 10) to base 9
321622
Convert 101100101010100111111010 (base 2) to base 6.
1054543550
What is -112010011011012 (base 3) in base 4?
-130213212230
What is -43532 (base 6) in base 7?
-23405
-30410121 (base 6) to base 15
-1236a7
Convert 455522 (base 7) to base 9.
133352
Convert -422520 (base 8) to base 12.
-69468
What is -100101110110010111100010 (base 2) in base 12?
-33a5aaa
Convert -2100011222 (base 3) to base 15.
-d9ab
-11133222 (base 5) to base 14
-2820b
Convert 63462 (base 14) to base 16.
3a7ee
What is 961344 (base 11) in base 16?
177be7
Convert -41231230 (base 5) to base 4.
-1102020320
Convert -10101100110111110000000 (base 2) to base 11.
-3219a23
What is -215005002 (base 6) in base 10?
-3873530
-12221331330 (base 4) to base 5
-421313024
110022300013 (base 4) to base 14
9b8a11
What is 64230 (base 8) in base 12?
135b4
What is 2153a (base 14) in base 16?
13ae0
What is 20144120 (base 6) in base 3?
1002011000210
Convert -341413043 (base 5) to base 15.
-1ed6b8
What is -240315213 (base 6) in base 12?
-1612b09
352404 (base 8) to base 5
12320233
What is 65553470 (base 8) in base 2?
110101101101011100111000
112333013232 (base 4) to base 14
b2bd5c
What is 20101211 (base 4) in base 13?
12572
Convert -5170a (base 11) to base 4.
-102122001
What is 2030324120 (base 5) in base 11?
2386330
Convert 7247554 (base 8) to base 6.
105100540
Convert 21020002002 (base 3) to base 14.
39b7d
-2066420 (base 7) to base 15
-4e9d2
What is 1318564 (base 12) in base 13?
a1bcb7
What is -14d480 (base 14) in base 8?
-2615770
What is -19aba2 (base 15) in base 2?
-100110001100000110001
What is 12002222221 (base 4) in base 13?
435b68
-1305665 (base 10) to base 9
-2410028
Convert -888a71 (base 11) to base 7.
-15022400
What is a8a28 (base 11) in base 16?
26a5a
What is -519ba (base 13) in base 11?
-a0222
282202 (base 12) to base 15
d2ab8
211103103310 (base 4) to base 3
200101210110201
-243440021 (base 5) to base 12
-478930
Convert 212597 (base 11) to base 9.
567486
24168c (base 14) to base 12
4b58b8
What is -12126630 (base 9) in base 5?
-3004013114
What is -2215530 (base 8) in base 11?
-378448
What is 110023112 (base 4) in base 7?
462644
-11000111111011111101000 (base 2) to base 9
-13285005
What is 100010100000011001 (base 2) in base 7?
1126030
What is 2118648 (base 9) in base 10?
1134854
Convert 88936 (base 10) to base 16.
15b68
448243 (base 9) to base 7
2165502
155593 (base 12) to base 16
585ff
1b03b1 (base 14) to base 4
3222221313
1269a33 (base 12) to base 9
6734623
Convert 5042442 (base 6) to base 4.
322113122
What is -131c0d (base 16) in base 7?
-13434132
Convert -232113213 (base 4) to base 16.
-2e5e7
What is 220023 (base 8) in base 2?
10010000000010011
15142044 (base 6) to base 5
113323021
57d745 (base 14) to base 9
5564500
-113026415 (base 7) to base 10
-6948359
What is 145222152 (base 6) in base 12?
1031958
36363 (base 10) to base 6
440203
What is 2021002120 (base 3) in base 2?
1010110111111010
Convert -8b38a9 (base 15) to base 16.
-6560f7
2414001 (base 6) to base 9
212561
Convert 328758 (base 9) to base 12.
95a15
Convert 8453058 (base 9) to base 4.
101100030101
What is -27c3bd (base 14) in base 9?
-2530531
Convert -1912503 (base 10) to base 11.
-109698a
Convert -5e57e (base 15) to base 11.
-19667a
What is -122112200100 (base 3) in base 2?
-1010100010011100000
Convert -118ca6 (base 15) to base 8.
-3150260
Convert 68403 (base 10) to base 9.
113743
Convert 1010121221010101 (base 3) to base 16.
f85bfa
What is 10720546 (base 8) in base 15?
311d1d
Convert -1200021 (base 10) to base 6.
-41415353
What is 1110111110010110011 (base 2) in base 16?
77cb3
-523200141 (base 6) to base 2
-100010110000111110111101
102122021 (base 4) to base 8
223211
Convert -32414457 (base 8) to base 9.
-14067067
Convert 21751 (base 13) to base 9.
102067
Convert 92c18 (base 14) to base 8.
1262506
Convert -100102212022 (base 3) to base 14.
-4b9d1
Convert 2581c8 (base 15) to base 4.
12313101320
What is -310000331 (base 4) in base 16?
-3403d
Convert -122465 (base 7) to base 4.
-11200022
21078 (base 14) to base 13
2a365
What is -100225 (base 7) in base 15?
-5034
Convert -103466 (base 13) to base 3.
-201020101212
88888 (base 10) to base 7
520102
Convert -1b27f8 (base 16) to base 12.
-719b08
What is 2643 (base 14) in base 2?
1101001000011
3869581 (base 10) to base 16
3b0b8d
Convert 222223232 (base 4) to base 6.
3425222
Convert -10020212311 (base 4) to base 10.
-1083829
What is 370047 (base 8) in base 7?
1